 -3*z - 463, -4*n - 4*z = -0*n - 364. What is the units digit of n?
2
Let w(i) = 18*i**2 - 6*i + 41. Let j(q) = 19*q**2 - 7*q + 40. Let y(r) = -2*j(r) + 3*w(r). What is the units digit of y(4)?
3
What is the units digit of (-16446)/(-21)*(-6 - -13) + -8?
4
Suppose -3*f = 53*x - 58*x + 86498, -5*x = 2*f - 86493. What is the thousands digit of x?
7
Let u = 101 - -163. Suppose 22*v - 25*v + u = 0. Suppose 4*z - 2*w + 0*w - 88 = 0, -5*w = -4*z + v. What is the units digit of z?
2
Suppose 4*g + 4*y - 52140 = 0, -196*y + 39110 = 3*g - 194*y. What is the units digit of g?
0
Suppose -31 = -2*g + 5. Suppose -g*v + 64 = -14*v. Suppose v = y - 15. What is the tens digit of y?
3
Let x(s) = -s**3 - 10*s**2 + 22*s - 12. Let t be x(-12). Suppose -26*v + t*v = -2520. What is the tens digit of v?
8
What is the hundreds digit of ((-128)/(-12))/(-16)*-3006?
0
What is the tens digit of 11490 + (-55)/(-77) + 8/28?
9
Let a(u) = u - 15. Let q be a(6). What is the thousands digit of 81/q - -4 - -1715?
1
Suppose 0 = -143*g + 467198 + 1280119. What is the hundreds digit of g?
2
Let a = 50246 + -19494. What is the thousands digit of a?
0
Let k = 1625 - 626. Suppose p = 4*w - 4*p - k, 3*w - 749 = 4*p. What is the tens digit of w?
5
Let k(t) = -t**3 - 10*t**2 + 3*t - 7. Let d be k(-10). Let h = d - -291. What is the hundreds digit of h?
2
Suppose 347 = 5*u - 263. Suppose -2*v = -0*v - u. Suppose 3*i = v + 251. What is the units digit of i?
4
Let t(f) = 9*f**2 + 33*f - 4794. What is the thousands digit of t(95)?
9
What is the hundreds digit of 2786/(243/(-18) + 14)?
5
Let f = -13622 + 22959. What is the units digit of f?
7
What is the hundreds digit of 60/24 - 892065/(-30)?
7
Let i be (-3)/((9/(-6))/1). Suppose 0 = -14*m + 18*m - 328. Suppose -i*r - 4*y = -m, 2*r + 2*y - 116 = -26. What is the tens digit of r?
4
What is the units digit of (-4317677)/(-357) - (-1)/(-3)?
4
Let z = -33608 + 68308. What is the ten thousands digit of z?
3
Suppose 7 - 11 = -j. Suppose 3*g - j*t = 3904, -g + 2*t = 3*t - 1306. What is the units digit of g?
4
Let g = 23100 - 8872. What is the hundreds digit of g?
2
Suppose -3*l = -2*k - 113871, -5*l = 65*k - 62*k - 189823. What is the units digit of l?
1
Let w be -2 - 12/2*-1. Let q(a) = -a**2 + 9*a - 14. Let r be q(6). Suppose -3*x + 30 = -w*v, -2 - 10 = -r*v. What is the units digit of x?
4
Let c = 25644 - 17924. Suppose 3*p + 301 = -3*w + 4921, 5*p = 5*w - c. What is the tens digit of w?
4
Let f = -21520 + 30232. What is the hundreds digit of f?
7
Let m be (-72)/27*147/(-8)*2. Suppose 6 = i - m. What is the tens digit of i?
0
What is the units digit of 296989/143 + (-16)/(-104)?
7
Suppose 5*q - 65100 = -30*q. Suppose 194*a = 198*a - q. What is the hundreds digit of a?
4
Let s = 7196 + -3206. What is the tens digit of s?
9
Suppose 4*g = -3*m + 31551, -12 = -37*m + 41*m. What is the units digit of g?
0
Suppose 43*o = 40*o + 42. Suppose -9*c = -4 - o. Suppose -c*s + 3*m = -133, 0 = -3*s + 2*m + m + 201. What is the tens digit of s?
6
Let h = 117 - 117. Suppose -20*k + 634 + 746 = h. What is the tens digit of k?
6
Let x = 9056 + -6406. Suppose -2*n + d + 1076 - 17 = 0, 0 = -5*n + 2*d + x. What is the units digit of n?
2
Suppose 12*b - 132 = b. Suppose -15*i = -b*i - 1746. What is the tens digit of i?
8
Suppose -18 = -o + 4*o. Let t = 1236 - 1271. Let w = o - t. What is the tens digit of w?
2
Let j(i) be the first derivative of 166/3*i**3 + 2*i**2 + 3*i - 33. What is the units digit of j(-1)?
5
Suppose -171*c - 11 = -172*c. Suppose 1287 = c*d - 5962. What is the units digit of d?
9
Let r(c) = -311*c + 18 + 4*c**2 + 11*c**2 + 276*c. What is the hundreds digit of r(8)?
6
Suppose 5*w + 12 = 2*r + 1, 5*r = -4*w + 44. What is the tens digit of (810 - 1)*8/r?
0
Let d = 22631 + -11123. What is the thousands digit of d?
1
Suppose -88515 = -5*o - 2*b + 4*b, 2*b = -10. What is the tens digit of o?
0
What is the hundreds digit of ((-2217)/4)/((-1333)/1240 + 1)?
3
Suppose 6 = -3*a, 2*a = 2*s - a - 290. Suppose -624 = -y + s. Suppose 90 = -13*c + y. What is the units digit of c?
2
Suppose -4055*n - 29036 = -4072*n. What is the units digit of n?
8
Let j = -297 + 301. Suppose -5*d - j*q = -4894, 3*d - 3*q = -0*q + 2958. What is the hundreds digit of d?
9
Let y be 1827/5 + 4/(-10). Suppose -3*k = k + 12. What is the tens digit of k*1*y/(-15)?
7
Let d = 30485 - 6990. What is the units digit of d?
5
Suppose 5*w + 5*l - 119945 = 0, 4*w - 2*l = -19610 + 115554. What is the hundreds digit of w?
9
Let j(q) = 3*q**3 - 84*q**2 + 2*q - 26. Let x be j(28). What is the hundreds digit of 20/x + (-8672)/(-6)?
4
Let c be 44/594 + 4/(-54). Suppose c = f + 4*b - 730, -f = f - b - 1424. What is the units digit of f?
4
Let i = -35844 + 59816. What is the thousands digit of i?
3
Suppose -3*b + 5 = 3*t - 2*t, 0 = -t - b + 5. Suppose t*l - 2440 = -0*l. Suppose 626 = 5*f - 3*g, 0*g + l = 4*f + 4*g. What is the units digit of f?
4
Suppose 7482 = 2*o + 4*z, 0 = -6*o + 2*o + 2*z + 14974. What is the thousands digit of o?
3
Let i(b) = 1858*b + 3012. What is the units digit of i(9)?
4
Let g(w) = -350*w**3. Let t be g(-1). Suppose b = -6*b - t. Let o = -41 - b. What is the units digit of o?
9
Let g = -710 + 725. Suppose 19*a = 2*z + g*a - 3000, -3*a = -3*z + 4503. What is the units digit of z?
2
Let n be (-19 + -2)*(-3)/(6/10). Suppose -2*a + 7*a + 5*p - n = 0, -14 = -2*a + 5*p. What is the units digit of a?
7
Let g(m) = 3*m**2 + 9*m - 60. Let l be g(4). Suppose -2*i + 2*d + l = -14, 0 = 2*i + 4*d - 50. What is the units digit of i?
1
Let x(i) be the first derivative of 13*i**3/3 + 13*i - 78. What is the tens digit of x(-7)?
5
Let q be (90/(-25) - -2)*(-5)/2. Suppose -q*j + 4*i = -12, 3*j + i + 0*i = 21. What is the units digit of (-4 - (-1 + 0))/((-2)/j)?
9
Suppose u + 4 = 2*a, -4*a + 6 + 6 = -u. Let g be 1 - 21/(-12) - (-1)/u. Suppose -2*s = 2*f - 128, -2*s - g*f - 148 = -4*s. What is the tens digit of s?
6
Let w be 48/(-30)*(-7 + 2). Let m be (0 + -4)/w*(-2 + 2). Let t = 34 + m. What is the units digit of t?
4
Let z = -19137 + 27192. What is the tens digit of z?
5
Suppose -j - 9 + 4 = -z, -5*z - 5*j = 25. Suppose z = 14*a - 4050 - 2530. What is the hundreds digit of a?
4
Suppose 0 = -174*f + 10376692 - 1499038. What is the ten thousands digit of f?
5
Suppose 3*c + 2 = c, -l - c + 2 = 0. Suppose o - 3*o + 2636 = -l*y, -3*o = -3*y - 3960. What is the thousands digit of o?
1
Let r be (5880/(-126))/(1/(-36)). Suppose l - r = -2*l. What is the units digit of l?
0
Suppose -2*l + 2*j = -4 - 8, 0 = -l - 2*j + 9. Suppose 3*p - l*p = 20, -5*z + p + 1250 = 0. What is the units digit of z?
9
Let i be -2 + 2 + -1 + 7. Let y be 0*(-2 + (2 - (-2)/4)). Let l = y + i. What is the units digit of l?
6
Let o(w) = -w**3 + 8*w**2 + 5*w + 12. Suppose q + q + 2*i = -80, 3*q + 5*i = -120. Let d = 48 + q. What is the units digit of o(d)?
2
Suppose 2249*n + 148446 = 2276*n. What is the hundreds digit of n?
4
Suppose x = 5*v + 543, 0 = 4*x - 6*x - 5*v + 1131. Suppose 3*z + f = 2*f + 839, -f - x = -2*z. What is the tens digit of z?
8
Let g be ((-30)/(-9))/(2/(-3)). What is the tens digit of (-13850)/(-10) + ((-3)/3 - g)?
8
Let z(l) = l**3 + 22*l**2 + 29*l - 9. Suppose 2*w = 4*g + 20, -2*w - 5*g = -2*g - 6. Let c be (-6)/4*-10*(-8)/w. What is the tens digit of z(c)?
1
Let h be (1/3)/(1/12). Suppose -d - 18 = 4*p, -h*d = -3*p - 9 + 24. What is the hundreds digit of d/(-21)*7 - -274?
2
Let h = 38 + -23. Let c be ((-70)/h)/(3*2/(-1377)). Suppose 14*t - 7*t = c. What is the tens digit of t?
5
Suppose -3*o - o - 8*o = 0. Suppose q + q - 3*w - 1568 = o, -5*q - 4*w + 3943 = 0. What is the units digit of q?
7
Let d be (-9)/6*-24*(-96)/54. What is the tens digit of d/(-10)*(-945)/(-42)?
4
Let n(v) = 8*v + 332. Let o be n(-46). What is the hundreds digit of 100*(-8 + (-387)/o)?
2
Suppose -3*p - 15 = -8*p. Suppose -2*h - 222 = -p*h - 5*c, -964 = -4*h - c. What is the tens digit of h?
4
What is the hundreds digit of ((-2 - 6) + 138/92)/((-4)/12472)?
2
Suppose 2*p + 22 = 5*u, -2*u + 0 = 5*p - 3. What is the hundreds digit of (3 + (-230 - p) - -1)/(-1)?
2
Suppose -1039*o = -1068*o + 448224. What is the thousands digit of o?
5
Let r(n) = -n**3 + 8*n**2 - 11*n + 7. Let o be r(6). What is the units digit of -8 + o + (-2)/2?
4
Let k